Calculate the remainder when 178092 is divided by 388.
0
Calculate the remainder when 8075015 is divided by 86828.
11
Calculate the remainder when 118324 is divided by 121.
107
What is the remainder when 65499001 is divided by 1000?
1
Calculate the remainder when 3839145 is divided by 1452.
57
What is the remainder when 12521549 is divided by 168?
5
What is the remainder when 7311577 is divided by 136?
81
What is the remainder when 106010 is divided by 5136?
3290
Calculate the remainder when 631309 is divided by 1697.
25
What is the remainder when 76158612 is divided by 2067?
2064
What is the remainder when 38344295 is divided by 333?
11
Calculate the remainder when 2738281 is divided by 2738009.
272
What is the remainder when 2775065 is divided by 1018?
1015
Calculate the remainder when 83175 is divided by 41336.
503
What is the remainder when 270541881 is divided by 30?
21
Calculate the remainder when 619939 is divided by 1512.
19
What is the remainder when 1224790 is divided by 263?
262
Calculate the remainder when 419778 is divided by 67.
23
What is the remainder when 38850118 is divided by 12?
10
Calculate the remainder when 11762836 is divided by 6.
4
Calculate the remainder when 1960195 is divided by 5781.
436
Calculate the remainder when 909658 is divided by 454823.
12
Calculate the remainder when 163114 is divided by 269.
100
Calculate the remainder when 2845609 is divided by 170.
149
What is the remainder when 2842096 is divided by 4113?
13
Calculate the remainder when 1198620 is divided by 1426.
780
What is the remainder when 582112446 is divided by 31?
26
What is the remainder when 8571908 is divided by 342?
20
What is the remainder when 2716814 is divided by 108?
74
Calculate the remainder when 8421786 is divided by 2797.
19
Calculate the remainder when 1276654 is divided by 2321.
104
What is the remainder when 4275265 is divided by 1425073?
46
What is the remainder when 2346009 is divided by 140?
29
What is the remainder when 221035 is divided by 73645?
100
What is the remainder when 568939 is divided by 628?
599
What is the remainder when 4066467 is divided by 1355483?
18
What is the remainder when 174543 is divided by 230?
203
Calculate the remainder when 78305 is divided by 652.
65
Calculate the remainder when 249153 is divided by 75.
3
Calculate the remainder when 1680271 is divided by 17321.
134
What is the remainder when 2397800 is divided by 133210?
20
What is the remainder when 4708831 is divided by 242?
237
Calculate the remainder when 3798464 is divided by 2128.
2112
Calculate the remainder when 1113572610 is divided by 7971.
7968
What is the remainder when 715352 is divided by 370?
142
What is the remainder when 4852560 is divided by 143?
141
Calculate the remainder when 50327 is divided by 25149.
29
Calculate the remainder when 4035402 is divided by 18.
0
Calculate the remainder when 700985 is divided by 96.
89
What is the remainder when 2299627 is divided by 23?
18
What is the remainder when 1248145 is divided by 3302?
3291
Calculate the remainder when 52426961 is divided by 136.
49
What is the remainder when 290390 is divided by 1597?
1333
Calculate the remainder when 1167358 is divided by 1047.
1000
What is the remainder when 193258038 is divided by 399?
393
Calculate the remainder when 1204864 is divided by 1600.
64
Calculate the remainder when 14233 is divided by 14080.
153
What is the remainder when 85319 is divided by 6089?
73
What is the remainder when 2928217 is divided by 205?
202
Calculate the remainder when 331824419 is divided by 547.
544
What is the remainder when 418374 is divided by 69684?
270
What is the remainder when 35131049 is divided by 12520?
12449
Calculate the remainder when 736931 is divided by 43.
40
What is the remainder when 26175 is divided by 4939?
1480
Calculate the remainder when 2456725 is divided by 653.
139
Calculate the remainder when 11957196 is divided by 2391437.
11
Calculate the remainder when 4471871 is divided by 202.
197
Calculate the remainder when 7985924 is divided by 1996480.
4
What is the remainder when 5094089 is divided by 10?
9
Calculate the remainder when 4230669 is divided by 53.
50
What is the remainder when 5319676 is divided by 171602?
14
What is the remainder when 35064004 is divided by 311?
309
Calculate the remainder when 297793 is divided by 2987.
2080
What is the remainder when 2674351 is divided by 17829?
1
Calculate the remainder when 283768 is divided by 94472.
352
What is the remainder when 3659395 is divided by 2357?
1331
What is the remainder when 54933 is divided by 1716?
21
What is the remainder when 299426 is divided by 2269?
2187
What is the remainder when 63999 is divided by 484?
111
What is the remainder when 288534 is divided by 36?
30
What is the remainder when 91852939 is divided by 1470?
1459
What is the remainder when 79245000 is divided by 2401?
2396
What is the remainder when 1642112 is divided by 5214?
4916
What is the remainder when 1343305 is divided by 4234?
1127
What is the remainder when 1009352 is divided by 67?
64
What is the remainder when 7496033 is divided by 1027?
987
What is the remainder when 23550869 is divided by 10671?
10643
Calculate the remainder when 258994 is divided by 327.
10
What is the remainder when 8624495 is divided by 18?
11
Calculate the remainder when 6424 is divided by 1066.
28
What is the remainder when 5582 is divided by 5576?
6
Calculate the remainder when 4150369 is divided by 129699.
1
What is the remainder when 48587 is divided by 8073?
149
Calculate the remainder when 4716806 is divided by 7.
3
Calculate the remainder when 723724 is divided by 6.
4
What is the remainder when 151018828 is divided by 162?
160
Calculate the remainder when 1633529 is divided by 1528.
97
What is the remainder when 86014 is divided by 42819?
376
What is the remainder when 453875 is divided by 1907?
9
What is the remainder when 731657 is divided by 121936?
41
Calculate the remainder when 2438350 is divided by 347.
328
What is the remainder when 8629307 is divided by 169?
167
Calculate the remainder when 361049442 is divided by 287.
285
Calculate the remainder when 50042563 is divided by 52.
51
What is the remainder when 2988259 is divided by 1494115?
29
Calculate the remainder when 4105797 is divided by 4105788.
9
What is the remainder when 293910 is divided by 1076?
162
Calculate the remainder when 23039466 is divided by 4607883.
51
Calculate the remainder when 465547790 is divided by 191.
188
Calculate the remainder when 145524 is divided by 24253.
6
Calculate the remainder when 570033 is divided by 142042.
1865
Calculate the remainder when 1246236 is divided by 113290.
46
What is the remainder when 42270459 is divided by 129?
126
Calculate the remainder when 4304454 is divided by 1087.
1021
What is the remainder when 6019330 is divided by 54721?
20
What is the remainder when 495025 is divided by 32994?
115
What is the remainder when 120968 is divided by 60464?
40
What is the remainder when 13747110 is divided by 22?
14
What is the remainder when 343315 is divided by 173?
83
What is the remainder when 164457149 is divided by 10455?
10454
What is the remainder when 418445 is divided by 195?
170
Calculate the remainder when 114220 is divided by 21.
1
Calculate the remainder when 189066 is divided by 62882.
420
What is the remainder when 108024433 is divided by 27?
25
Calculate the remainder when 338826 is divided by 2691.
2451
What is the remainder when 3843161 is divided by 18043?
2
Calculate the remainder when 3619121 is divided by 1293.
14
What is the remainder when 368891 is divided by 368877?
14
What is the remainder when 9013317 is divided by 1126664?
5
Calculate the remainder when 167611 is divided by 18611.
112
Calculate the remainder when 371560 is divided by 399.
91
Calculate the remainder when 1043143 is divided by 7.
3
What is the remainder when 68430 is divided by 276?
258
What is the remainder when 48476315 is divided by 103?
86
What is the remainder when 804474525 is divided by 52?
49
What is the remainder when 182167964 is divided by 2558?
2552
What is the remainder when 164724956 is divided by 37?
31
What is the remainder when 4436897 is divided by 139?
17
Calculate the remainder when 1743446 is divide